number?
True
Is 7051 a composite number?
True
Is 1415617 prime?
False
Is 75817 composite?
True
Is 146611 a composite number?
True
Is 36739 prime?
True
Is 899247 a prime number?
False
Is 714301 a composite number?
True
Is 514991 prime?
False
Is 33959 composite?
True
Is 326827 prime?
False
Is 125043 a composite number?
True
Is 5623 composite?
False
Is 624047 composite?
False
Is 54129 prime?
False
Is 12149 a composite number?
False
Is 238691 prime?
True
Is 133891 composite?
True
Is 186689 a prime number?
True
Is 113453 a prime number?
True
Is 187451 prime?
False
Is 432741 composite?
True
Is 1373303 a composite number?
True
Is 9237 prime?
False
Is 7091 a composite number?
True
Is 71011 a composite number?
False
Is 34421 prime?
True
Is 111949 a composite number?
False
Is 1107619 prime?
True
Is 58343 a composite number?
True
Is 546823 composite?
True
Is 5891 prime?
False
Is 120617 a prime number?
False
Is 15959 a prime number?
True
Is 14923 composite?
False
Is 12589 a composite number?
False
Is 77543 prime?
True
Is 13201 prime?
False
Is 5079 a prime number?
False
Is 55789 prime?
False
Is 57163 composite?
False
Is 201473 a composite number?
False
Is 8819 prime?
True
Is 26149 prime?
False
Is 8803 a prime number?
True
Is 206299 a prime number?
True
Is 69157 composite?
True
Is 135773 prime?
False
Is 394513 a composite number?
True
Is 36317 composite?
True
Is 54163 prime?
True
Is 391679 a prime number?
True
Is 948229 composite?
True
Is 2897 a composite number?
False
Is 247523 prime?
False
Is 928147 prime?
False
Is 349385 a composite number?
True
Is 1961 prime?
False
Is 649883 a composite number?
True
Is 54907 prime?
True
Is 1801 composite?
False
Is 674243 prime?
False
Is 2199 a composite number?
True
Is 17323 a prime number?
False
Is 3343 composite?
False
Is 763 prime?
False
Is 866573 prime?
True
Is 16561 a prime number?
True
Is 34009 prime?
False
Is 57313 a composite number?
True
Is 2629 a prime number?
False
Is 169049 a composite number?
False
Is 9753 a prime number?
False
Is 1394241 a composite number?
True
Is 14207 a prime number?
True
Is 7706 prime?
False
Is 3713 composite?
True
Is 33989 composite?
True
Is 7607 prime?
True
Is 53401 a prime number?
True
Is 634567 a prime number?
True
Is 416327 a composite number?
True
Is 18199 composite?
False
Is 10289 composite?
False
Is 15891 composite?
True
Is 9431 a prime number?
True
Is 1464559 prime?
True
Is 44853 a prime number?
False
Is 603389 a composite number?
False
Is 23003 composite?
False
Is 802433 prime?
False
Is 15959 prime?
True
Is 829 a composite number?
False
Is 57149 prime?
True
Is 83981 prime?
False
Is 10294 a composite number?
True
Is 7411 a composite number?
False
Is 20297 a prime number?
True
Is 28429 prime?
True
Is 12197 a prime number?
True
Is 4224673 a prime number?
True
Is 17717 composite?
True
Is 27971 prime?
False
Is 123051 prime?
False
Is 306191 composite?
False
Is 6527 prime?
False
Is 162247 composite?
True
Is 157841 a prime number?
True
Is 1409 prime?
True
Is 2766623 a composite number?
False
Is 188869 a prime number?
True
Is 112949 a composite number?
True
Is 135929 composite?
False
Is 1261 prime?
False
Is 797 a prime number?
True
Is 3709 a composite number?
False
Is 41579 prime?
True
Is 1343 a prime number?
False
Is 38593 a composite number?
False
Is 81799 a prime number?
True
Is 11107 a composite number?
True
Is 393451 a prime number?
True
Is 13147 a prime number?
True
Is 26237 a prime number?
True
Is 15815 a composite number?
True
Is 461489 composite?
True
Is 24478 a composite number?
True
Is 1987 composite?
False
Is 100591 composite?
False
Is 30307 a composite number?
False
Is 18529 a prime number?
False
Is 102643 a prime number?
True
Is 43819 composite?
True
Is 809 a composite number?
False
Is 612763 a composite number?
False
Is 633959 a composite number?
True
Is 66545 composite?
True
Is 24487 a composite number?
True
Is 35051 composite?
False
Is 597263 composite?
False
Is 907 composite?
False
Is 1259 a composite number?
False
Is 3545 prime?
False
Is 21517 a prime number?
True
Is 130319 composite?
True
Is 69877 a prime number?
True
Is 37951 a composite number?
False
Is 251 prime?
True
Is 6337 prime?
True
Is 1861 a composite number?
False
Is 338783 a prime number?
False
Is 3593 a composite number?
False
Is 571345 a composite number?
True
Is 94477 prime?
True
Is 22613 composite?
False
Is 5403 prime?
False
Is 13061 composite?
True
Is 13259 prime?
True
Is 1002283 a prime number?
False
Is 330131 prime?
True
Is 159217 prime?
False
Is 94417 a composite number?
True
Is 309851 a composite number?
False
Is 943 a prime number?
False
Is 157363 a prime number?
True
Is 14923 a prime number?
True
Is 36623 prime?
False
Is 4873 a composite number?
True
Is 677 composite?
False
Is 253691 composite?
True
Is 387627 prime?
False
Is 9594499 a prime number?
True
Is 241405 composite?
True
Is 77141 prime?
True
Is 31637 a prime number?
False
Is 143461 a prime number?
True
Is 135977 prime?
True
Is 11909 a composite number?
False
Is 384773 a composite number?
False
Is 282803 a prime number?
False
Is 17807 a composite number?
False
Is 21367 a composite number?
True
Is 55231 a prime number?
False
Is 1296563 a composite number?
False
Is 42887 a composite number?
True
Is 195553 a prime number?
False
Is 165583 composite?
True
Is 4393 a composite number?
True
Is 5347 a composite number?
False
Is 724093 a prime number?
True
Is 3708395 composite?
True
Is 197957 a composite number?
False
Is 58889 prime?
True
Is 178681 a prime number?
True
Is 19273 a prime number?
True
Is 32959 a prime number?
False
Is 95671 prime?
False
Is 83677 a composite number?
True
Is 6619 a composite number?
False
Is 72994 prime?
False
Is 1669 prime?
True
Is 21353 prime?
False
Is 649457 a composite number?
False
Is 311633 a prime number?
False
Is 63301 a composite number?
True
Is 436353 a prime number?
False
Is 279987 composite?
True
Is 2833 composite?
False
Is 222247 prime?
True
Is 10315 a composite number?
True
Is 41863 a composite number?
False
Is 9587 composite?
False
Is 58783 composite?
True
Is 2999 a prime number?
True
Is 111187 prime?
True
Is 126067 prime?
True
Is 191635 a prime number?
False
Is 29371 a composite number?
True
Is 228679 a composite number?
True
Is 4769 a prime number?
False
Is 69467 prime?
True
Is 43261 prime?
True
Is 2267 prime?
True
Is 15391 composite?
False
Is 4181 composite?
True
Is 38543 composite?
False
Is 83041 a composite number?
True
Is 1509701 composite?
False
Is 10153343 prime?
True
Is 13193 prime?
False
Is 69815 a prime number?
False
Is 24155 composite?
True
Is 22541 prime?
True
Is 101902 composite?
True
Is 8542 a composite number?
True
Is 59197 a composite number?
False
Is 541859 prime?
True
Is 403343 composite?
True
Is 506393 a prime number?
True
Is 52769 composite?
False
Is 4721 composite?
False
Is 3048014 prime?
False
Is 983 a composite number?
False
Is 4757 a composite number?
True
Is 849691 a prime number?
True
Is 199103 a prime number?
True
Is 1119109 composite?
False
Is 166769 a prime number?
False
Is 62617 prime?
True
Is 14095 a composite number?
True
Is 5077 prime?
True
Is 10871 a prime number?
False
Is 4307 composite?
True
Is 5039 a composite number?
False
Is 44351 a prime number?
True
Is 25439 a prime number?
True
Is 1837 prime?
False
Is 27743 composite?
False
Is 140398 prime?
False
Is 37333 prime?
False
Is 219997 composite?
True
Is 2341271 composite?
False
Is 91877 a prime number?
False
Is 316567 a prime number?
True
Is 33521 composite?
False
Is 79229 composite?
False
Is 19571 prime?
True
Is 14359 a prime number?
False
Is 167387 a composite number?
True
Is 727399 composite?
False
Is 94499 composite?
True
Is 726681 prime?
False
Is 820058 prime?
False
Is 220607 a composite number?
True
Is 293 composite?
False
Is 4391 prime?
True
Is 382183 a prime number?
False
Is 1985 composite?
True
Is 6779 composite?
False
Is 235951 prime?
True
Is 16129 prime?
False
Is 1345423 composite?
False
Is 78643 composite?
False
Is 121237 a prime number?
False
Is 15601 a composite number?
False
Is 21542 a composite number?
True
Is 164127 prime?
False
Is 13291 a prime number?
True
Is 11821 a composite number?
False
Is 366635 composite?
True
Is 1217 a prime number?
True
Is 51263 prime?
True
Is 16579 a composite number?
